s the greatest common divisor of 13186 and 2429?
347
Calculate the highest common divisor of 144 and 12.
12
Calculate the highest common divisor of 427 and 21.
7
Calculate the highest common factor of 2728 and 22.
22
Calculate the greatest common factor of 1265 and 4070.
55
What is the greatest common divisor of 39 and 312?
39
Calculate the greatest common divisor of 3111 and 102.
51
Calculate the greatest common factor of 948 and 48.
12
What is the highest common divisor of 117 and 1911?
39
Calculate the highest common factor of 156 and 520.
52
What is the highest common divisor of 48 and 80?
16
What is the greatest common divisor of 1 and 823?
1
Calculate the greatest common factor of 6 and 5748.
6
What is the highest common divisor of 23237 and 19?
19
What is the greatest common factor of 312 and 22672?
104
What is the highest common divisor of 56 and 14?
14
What is the greatest common divisor of 91 and 12558?
91
What is the greatest common divisor of 180 and 2580?
60
Calculate the highest common factor of 6 and 31362.
6
What is the greatest common divisor of 12 and 12?
12
Calculate the highest common factor of 286 and 1573.
143
What is the greatest common divisor of 404 and 16766?
202
What is the greatest common factor of 64 and 6464?
64
Calculate the greatest common divisor of 42 and 714.
42
Calculate the highest common divisor of 140 and 20860.
140
Calculate the highest common factor of 1569 and 3.
3
Calculate the highest common divisor of 81124 and 17.
17
What is the greatest common factor of 136 and 152?
8
What is the greatest common factor of 8448 and 33?
33
Calculate the highest common factor of 2024 and 138.
46
What is the highest common factor of 38 and 4?
2
What is the highest common factor of 949 and 1971?
73
Calculate the greatest common divisor of 24180 and 52.
52
Calculate the highest common factor of 126 and 6867.
63
Calculate the greatest common divisor of 793 and 122.
61
What is the greatest common divisor of 19 and 95?
19
What is the greatest common divisor of 90 and 30?
30
What is the highest common factor of 1494 and 18?
18
Calculate the highest common factor of 56 and 42.
14
What is the greatest common divisor of 286 and 130?
26
Calculate the greatest common factor of 750 and 100.
50
Calculate the highest common divisor of 112 and 3976.
56
Calculate the greatest common factor of 19700 and 200.
100
What is the greatest common divisor of 88 and 1672?
88
Calculate the highest common divisor of 39 and 663.
39
What is the highest common factor of 435 and 609?
87
What is the greatest common divisor of 1804 and 410?
82
Calculate the highest common factor of 17 and 3.
1
Calculate the highest common factor of 58 and 667.
29
Calculate the highest common divisor of 90 and 4635.
45
Calculate the highest common factor of 182 and 70.
14
What is the greatest common divisor of 45 and 85?
5
Calculate the highest common divisor of 8 and 5.
1
What is the greatest common divisor of 808 and 16?
8
What is the greatest common factor of 126 and 54?
18
Calculate the highest common divisor of 1688 and 16.
8
What is the highest common divisor of 121 and 33?
11
Calculate the greatest common divisor of 2706 and 66.
66
What is the greatest common divisor of 308 and 280?
28
Calculate the greatest common factor of 848 and 53.
53
Calculate the highest common factor of 1628 and 33.
11
What is the greatest common factor of 1544 and 184?
8
What is the highest common divisor of 50 and 22?
2
What is the greatest common factor of 73 and 28?
1
What is the highest common factor of 174 and 6873?
87
Calculate the highest common factor of 3154 and 166.
166
Calculate the greatest common divisor of 104 and 13.
13
Calculate the highest common factor of 90 and 594.
18
What is the greatest common factor of 65 and 26?
13
What is the greatest common factor of 1708 and 560?
28
Calculate the greatest common factor of 128 and 1808.
16
What is the greatest common factor of 96 and 6?
6
What is the greatest common divisor of 24 and 832?
8
What is the greatest common divisor of 352 and 11?
11
Calculate the greatest common factor of 1673 and 42.
7
What is the greatest common divisor of 352 and 11?
11
Calculate the highest common divisor of 15 and 40.
5
Calculate the highest common divisor of 3871 and 49.
49
Calculate the greatest common factor of 18 and 14.
2
What is the greatest common factor of 25 and 1525?
25
Calculate the highest common factor of 4431 and 21.
21
What is the greatest common factor of 5921 and 93?
31
Calculate the highest common divisor of 16 and 44.
4
Calculate the greatest common factor of 692 and 4.
4
What is the greatest common factor of 1437 and 3?
3
Calculate the highest common factor of 110 and 15125.
55
What is the highest common divisor of 44 and 572?
44
Calculate the greatest common divisor of 6950 and 50.
50
What is the highest common factor of 5379 and 33?
33
Calculate the greatest common divisor of 8943 and 33.
33
Calculate the greatest common factor of 2197 and 39.
13
Calculate the highest common factor of 130 and 160.
10
What is the highest common factor of 623 and 7?
7
Calculate the greatest common divisor of 27268 and 68.
68
What is the greatest common factor of 186 and 6?
6
Calculate the highest common divisor of 2 and 1202.
2
What is the highest common divisor of 38 and 209?
19
Calculate the greatest common divisor of 915 and 255.
15
What is the greatest common divisor of 288 and 128?
32
What is the highest common divisor of 1462 and 430?
86
Calculate the highest common divisor of 2208 and 437.
23
Calculate the greatest common divisor of 1228 and 4.
4
What is the greatest common factor of 92 and 2116?
92
What is the greatest common divisor of 175 and 1330?
35
Calculate the greatest common factor of 260 and 416.
52
Calculate the highest common factor of 170 and 34.
34
Calculate the greatest common factor of 469 and 6901.
67
Calculate the highest common factor of 5 and 3.
1
Calculate the highest common factor of 82 and 8938.
82
What is the greatest common factor of 969 and 153?
51
What is the highest common factor of 34 and 306?
34
What is the highest common divisor of 6 and 3300?
6
Calculate the greatest common factor of 377 and 29.
29
What is the greatest common factor of 2848 and 89?
89
Calculate the highest common divisor of 774 and 3526.
86
What is the highest common factor of 126 and 6594?
42
What is the greatest common divisor of 35 and 35?
35
Calculate the highest common divisor of 80 and 460.
20
Calculate the greatest common divisor of 21228 and 1044.
348
Calculate the greatest common divisor of 2511 and 18.
9
What is the greatest common factor of 384 and 13152?
96
What is the greatest common factor of 208 and 676?
52
What is the highest common factor of 39 and 2847?
39
What is the highest common divisor of 414 and 92?
46
What is the highest common divisor of 26 and 1766?
2
Calculate the highest common factor of 12 and 22.
2
Calculate the highest common factor of 658 and 470.
94
What is the greatest common factor of 26 and 23244?
26
What is the greatest common divisor of 1260 and 3024?
252
Calculate the highest common divisor of 27 and 81.
27
Calculate the greatest common divisor of 140 and 350.
70
Calculate the highest common factor of 49 and 637.
49
What is the greatest common factor of 82 and 3157?
41
What is the greatest common factor of 11 and 33253?
11
Calculate the highest common divisor of 184 and 23.
23
Calculate the greatest common factor of 3395 and 140.
35
What is the highest common factor of 50 and 175?
25
Calculate the highest common divisor of 35 and 4480.
35
What is the highest common factor of 286 and 22?
22
Calculate the greatest common factor of 7 and 1.
1
Calculate the highest common factor of 30 and 195.
15
Calculate the highest common factor of 65 and 325.
65
What is the highest common divisor of 24 and 9480?
24
Calculate the greatest common divisor of 624 and 26.
26
What is the highest common factor of 217 and 279?
31
What is the highest common divisor of 21060 and 13?
13
Calculate the highest common factor of 52 and 208.
52
What is the greatest common divisor of 2727 and 505?
101
Calculate the highest common factor of 352 and 2272.
32
What is the highest common divisor of 663 and 10829?
221
What is the gr